 = -17 - n. Let i(l) = l**2 - 2*l - 30. What is the remainder when t is divided by i(-5)?
2
Let x = 31 + -19. What is the remainder when 34 + 3 + 4/(-2) is divided by x?
11
Suppose 53 = 3*l + 20. What is the remainder when 97 is divided by l?
9
Let l = 103 + -57. Calculate the remainder when l is divided by 7.
4
Suppose -j = 3*j - 3*f - 67, -5*j + 5*f + 85 = 0. What is the remainder when 28 is divided by j?
12
Let v(j) = -3*j**3 - 3*j**2 - j + 3. Let c be v(-3). Suppose 5*w = -0*w + c. Calculate the remainder when (-278)/(-6) + 2/3 is divided by w.
11
What is the remainder when 6*((-30)/(-8) + (-2)/8) is divided by (-4)/(((-6)/4)/3)?
5
Let u(c) = -5*c**3 - 14*c**2 - 14*c + 15. Let f(z) = -z**3 - z**2 - z + 1. Let s(x) = -6*f(x) + u(x). What is the remainder when s(9) is divided by 7?
4
Let m(d) = d**3 - 4*d**2 - 5*d + 3. Let f(g) be the first derivative of -5*g**2/2 + g - 3. Let a be f(-1). Calculate the remainder when m(a) is divided by 12.
9
Let c(y) = y**2 - 13*y + 12. Let v be c(12). Suppose -4*g = -v*g - 52. Calculate the remainder when g is divided by 5.
3
Suppose -h + 117 = 2*h. Let k = h - 18. Suppose 0 = -7*b + 138 + 289. What is the remainder when b is divided by k?
19
Suppose 6*r + 21 - 87 = 0. Calculate the remainder when r is divided by 3.
2
Let h = -3 - -6. Suppose -2*a + j + 16 = a, 5*a = h*j + 32. What is the remainder when 10 is divided by a?
2
Let z = -4 - -13. Let r be (3/2)/3*-2. What is the remainder when -3*(-26)/3 + r is divided by z?
7
Suppose -29 = -j + 5*t, -2*j - 4*t = -7*j + 61. What is the remainder when 31 is divided by j?
4
Suppose -30 = -q - s, -100 = -4*q - 5*s + 23. What is the remainder when 106 is divided by q?
25
Let z = -8 - -75. Calculate the remainder when z is divided by 17.
16
Suppose -h + 0 = s - 8, 3*s = -4*h + 24. Suppose 0*c + 2*c = s. Let v(w) = -w**3 + w**2 + 7. What is the remainder when v(0) is divided by c?
3
Let r be (-9)/((9/4)/(-3)). Suppose 4*i = 2*g - 12, 0 = -0*i - 3*i + r. Calculate the remainder when g is divided by 8.
6
Let y = 91 + -38. Suppose -n = -2*n + 18. What is the remainder when y is divided by n?
17
Let g(n) = 3*n**2 - n + 1. Let t be g(1). Let d be (3/3)/((-3)/(-24)). Suppose t*j = j + d. Calculate the remainder when j is divided by 2.
0
Suppose 5*m - 32 = -3*f, -2*f - 8 = -3*m - m. Suppose -1 + 13 = o + f*p, p = o + 8. Let b = o + 6. What is the remainder when 3 is divided by b?
1
Suppose -47 = -2*z + 311. Suppose -4*u = 5*f + z, 2*u - 9*f + 97 = -4*f. What is the remainder when 11 is divided by u/(-11) - (-2)/(-11)?
3
Let p = -52 + 76. Suppose 15*q = 12*q + 27. Calculate the remainder when p is divided by q.
6
Suppose -4*l + 60 = -4*i, -3*l + 0*l + 45 = 2*i. Calculate the remainder when 59 is divided by l.
14
What is the remainder when 40 is divided by 1 + 25 + (-80)/20?
18
Let k = -25 + 73. What is the remainder when 287 is divided by k?
47
Let j be (-1)/(2/(-20)*2). Let m = 8 + -3. Suppose 0 = m*p + g - 94, -j*p - 3*g + 10 = -82. Calculate the remainder when p is divided by 7.
5
Suppose 2*r = 5*s - 2*s + 13, -2*s = 5*r - 23. Let d be (-3 - 12)*(3 - 2). Let k = -1 - d. Calculate the remainder when k is divided by r.
4
Let i(a) = 6*a**3 + a**2 - 3*a + 3. What is the remainder when i(2) is divided by 17?
15
Let v = 33 - 12. Suppose 3*h - 177 = -v. Calculate the remainder when h is divided by 18.
16
Let b(n) = -n**3 - 2*n**2 + 4*n - 3. Suppose 0 = -0*u + 3*u. Suppose u*p - 20 = 5*p. What is the remainder when 25 is divided by b(p)?
12
Let w(d) = -7*d. Suppose 3*l - 2*q = -24, -5*l = -3*q + 20 + 20. What is the remainder when w(l) is divided by 20?
16
Suppose 2*g + 17 = w - 8, 4*w + 4*g - 100 = 0. What is the remainder when w is divided by 14?
11
Suppose -4*c = -2*q - 64, 6*q - 2*q = 2*c - 26. Calculate the remainder when 59 is divided by c.
8
Let k(j) = 2*j**2 - 31*j + 15. Calculate the remainder when k(17) is divided by 24.
18
What is the remainder when 62*(-1)/(-6)*(20 - 2) is divided by 21?
18
Suppose 0*t - 4 = -2*t. Suppose -t*i = -0*i - 22. What is the remainder when 32 is divided by i?
10
Suppose -12 - 9 = -3*q. Calculate the remainder when 38 - (0 - -3 - -2) is divided by q.
5
Let x = -12 + 20. Let v = -89 + 59. Calculate the remainder when 1/(((-8)/v)/4) is divided by x.
7
Calculate the remainder when 21 is divided by ((-20)/8)/(1/(-2)).
1
Suppose -2*w - 2*a = -3*w + 30, -a = -2*w + 54. Let g(r) = -2*r**2 + 14*r + 10. What is the remainder when w is divided by g(7)?
6
Let r(k) = -k + 4. Let j be r(2). Suppose -5*n + 2*o + 80 = -2*o, n + 2*o - j = 0. Calculate the remainder when n is divided by 7.
5
Suppose 3*d = -2*d. Suppose -2*m + 72 = -2*n, m = -d*m + 2*n + 39. Let h = 33 + -21. What is the remainder when m is divided by h?
9
Let s(y) = y**2 + y + 8. Suppose 2*g + 210 = 9*g. What is the remainder when g is divided by s(0)?
6
Let c = -129 + 225. Calculate the remainder when c is divided by 30.
6
Let z = 35 + 125. Suppose 2*n = 6*n - z. Calculate the remainder when n is divided by 14.
12
Suppose 4 = 2*y, 0*t + y + 18 = 2*t. What is the remainder when 38 is divided by t?
8
Let r(u) = 2*u**2 - u - 1. Let s(i) = -i**2 - 10*i - 13. Let z be s(-9). Calculate the remainder when -1*-3*z/(-6) is divided by r(-1).
0
Suppose -59 = a - 2*a. Suppose 4*v - 2*k - 26 = 42, -2*k = 8. Calculate the remainder when a is divided by v.
14
Let z = 111 - 60. Suppose 5*u - 231 = -z. Calculate the remainder when u is divided by 13.
10
Let l(v) = -v**2 - v - 1. Let o(r) = 2*r - r + 6*r**2 - 5*r + 8. Let s(a) = 2*l(a) + o(a). What is the remainder when s(4) is divided by 16?
14
Let a(u) = u**2 + 4*u + 10. Let y be a(-8). Suppose -5*j + y = 3*f - f, -5*f + 30 = 5*j. Suppose -s = 2*s - 54. Calculate the remainder when s is divided by j.
8
Let m = 58 + -50. What is the remainder when 14 is divided by m?
6
Let i(u) = 12*u**2 - 2*u + 1. Suppose 4*j - 5*j + 21 = 0. What is the remainder when j is divided by i(1)?
10
Let j = 20 - 28. Let b = 13 + j. What is the remainder when 14 is divided by b?
4
Let j = -7 + -2. Let q be 15*(1 - (-6)/j). Suppose -5*m - 4*g + 0*g = -200, -q*m + 175 = -g. What is the remainder when m is divided by 19?
17
Let k = -17 + 26. What is the remainder when 17 is divided by k?
8
Let i(q) = q**2 - q + 2. What is the remainder when 27 is divided by i(4)?
13
Let b(y) = 5*y**2 - 40*y + 5. Suppose 0*n - 3*n + 6 = 0, -2*i = -5*n + 2. Suppose -39 = -i*h + h. What is the remainder when h is divided by b(8)?
3
Suppose 270 = 4*k + 2*c, -2 + 1 = c. Suppose 0 = -2*i - f + 50 - 16, 4*i - 4*f = k. What is the remainder when 50 is divided by i?
16
Let f(j) = -j**3 - j**2 + 5*j + 4. What is the remainder when f(-3) is divided by 28/8 + 1/(-2)?
1
Suppose 4*a - 49 = 31. Suppose -2*h - 25 = -3*s + a, -s = -5*h - 2. Suppose 180 = 5*f + 3*y, 0*y + y - 38 = -f. What is the remainder when f is divided by s?
16
Suppose 9*w = 4*w. Let o be w + (-6)/(-2 - -1). Let r(l) = l**2 - 4*l + 1. What is the remainder when 25 is divided by r(o)?
12
Suppose -4*l + 5 + 24 = -5*k, 0 = -5*l + 2*k + 15. Let a = l + 7. Suppose -5*p + 60 = 5*h, 4*h = 2*p + 26 - a. What is the remainder when 25 is divided by h?
4
Let d = -1 - -5. What is the remainder when 11 is divided by -1 + 3 - (d - 5)?
2
Suppose 4*h = 21 + 7. Suppose -3*i = -2*i - h. Let l = 42 + -30. Calculate the remainder when l is divided by i.
5
Suppose 3*b - 32 = 4*i - 3, 5*i + 3*b + 43 = 0. Let g = i - -19. What is the remainder when g is divided by 6?
5
Let n(m) = -82*m + 1. Suppose 3*i = -4*o + 55, 0*i - 4*o + 97 = 5*i. Calculate the remainder when n(-1) is divided by i.
20
Calculate the remainder when (15/(-80)*-28)/(3/8) is divided by 2.
0
Suppose 0*c = -5*c + 175. Let i = c + -9. Let w(r) = 2*r**2 + 2*r - 3. What is the remainder when i is divided by w(2)?
8
Let b = 21 + -3. Let m = 426 - 356. What is the remainder when m is divided by b?
16
Suppose 3*j - 15 = 9. Suppose -g + 91 = 3*a, -a - 2*g + 23 = 2*g. What is the remainder when a is divided by j?
7
Suppose -6 = -0*j + 3*j - 5*y, 4*y - 15 = -j. Suppose -2*v + 48 = -4*k, -2*k + 5*v + 90 = -7*k. Let m = -10 - k. Calculate the remainder when m is divided by j.
1
Let c(i) = -i**2 - 6*i - 5. Let x be 18/14 + (-2)/7. Let v = 3 + x. Calculate the remainder when v is divided by c(-4).
1
Let q = -31 